late the remainder when 211 is divided by 53.
52
What is the remainder when 528 is divided by 7?
3
What is the remainder when 1152 is divided by 34?
30
What is the remainder when 114 is divided by 40?
34
Calculate the remainder when 132 is divided by 25.
7
What is the remainder when 2108 is divided by 299?
15
What is the remainder when 568 is divided by 66?
40
Calculate the remainder when 247 is divided by 26.
13
Calculate the remainder when 234 is divided by 121.
113
What is the remainder when 503 is divided by 260?
243
Calculate the remainder when 2063 is divided by 56.
47
What is the remainder when 695 is divided by 59?
46
What is the remainder when 48 is divided by 45?
3
Calculate the remainder when 10007 is divided by 3334.
5
Calculate the remainder when 926 is divided by 56.
30
Calculate the remainder when 75 is divided by 9.
3
Calculate the remainder when 269 is divided by 9.
8
What is the remainder when 3190 is divided by 14?
12
Calculate the remainder when 232 is divided by 47.
44
Calculate the remainder when 5345 is divided by 81.
80
Calculate the remainder when 18 is divided by 12.
6
What is the remainder when 4927 is divided by 53?
51
What is the remainder when 212 is divided by 54?
50
Calculate the remainder when 1298 is divided by 186.
182
Calculate the remainder when 163 is divided by 21.
16
What is the remainder when 718 is divided by 91?
81
What is the remainder when 163 is divided by 8?
3
Calculate the remainder when 702 is divided by 70.
2
Calculate the remainder when 122 is divided by 20.
2
Calculate the remainder when 943 is divided by 46.
23
Calculate the remainder when 492 is divided by 3.
0
What is the remainder when 201 is divided by 51?
48
Calculate the remainder when 6876 is divided by 19.
17
Calculate the remainder when 422 is divided by 25.
22
Calculate the remainder when 159 is divided by 15.
9
Calculate the remainder when 2354 is divided by 58.
34
Calculate the remainder when 6716 is divided by 38.
28
What is the remainder when 360 is divided by 331?
29
What is the remainder when 112 is divided by 3?
1
Calculate the remainder when 58 is divided by 17.
7
Calculate the remainder when 236 is divided by 81.
74
Calculate the remainder when 1256 is divided by 12.
8
What is the remainder when 585 is divided by 84?
81
Calculate the remainder when 562 is divided by 236.
90
What is the remainder when 646 is divided by 36?
34
Calculate the remainder when 255 is divided by 36.
3
What is the remainder when 1545 is divided by 62?
57
Calculate the remainder when 9054 is divided by 16.
14
Calculate the remainder when 287 is divided by 24.
23
What is the remainder when 18 is divided by 4?
2
What is the remainder when 51 is divided by 25?
1
Calculate the remainder when 323 is divided by 163.
160
Calculate the remainder when 133 is divided by 17.
14
What is the remainder when 1652 is divided by 1649?
3
What is the remainder when 438 is divided by 12?
6
Calculate the remainder when 678 is divided by 3.
0
Calculate the remainder when 374 is divided by 16.
6
What is the remainder when 711 is divided by 51?
48
Calculate the remainder when 148 is divided by 3.
1
What is the remainder when 2345 is divided by 17?
16
What is the remainder when 162 is divided by 72?
18
Calculate the remainder when 46 is divided by 34.
12
Calculate the remainder when 321 is divided by 23.
22
Calculate the remainder when 4834 is divided by 31.
29
What is the remainder when 786 is divided by 177?
78
What is the remainder when 1257 is divided by 4?
1
Calculate the remainder when 496 is divided by 486.
10
What is the remainder when 225 is divided by 46?
41
Calculate the remainder when 641 is divided by 46.
43
What is the remainder when 389 is divided by 203?
186
What is the remainder when 988 is divided by 99?
97
Calculate the remainder when 76 is divided by 34.
8
What is the remainder when 169 is divided by 85?
84
Calculate the remainder when 133 is divided by 111.
22
What is the remainder when 252 is divided by 39?
18
What is the remainder when 88874 is divided by 34?
32
Calculate the remainder when 495 is divided by 50.
45
What is the remainder when 33 is divided by 14?
5
What is the remainder when 132 is divided by 24?
12
What is the remainder when 65 is divided by 24?
17
What is the remainder when 1253 is divided by 6?
5
Calculate the remainder when 218 is divided by 11.
9
Calculate the remainder when 27 is divided by 23.
4
What is the remainder when 109 is divided by 81?
28
What is the remainder when 144 is divided by 33?
12
Calculate the remainder when 927 is divided by 119.
94
Calculate the remainder when 305 is divided by 36.
17
Calculate the remainder when 635 is divided by 50.
35
What is the remainder when 161 is divided by 44?
29
Calculate the remainder when 3138 is divided by 627.
3
What is the remainder when 304 is divided by 168?
136
Calculate the remainder when 4269 is divided by 7.
6
Calculate the remainder when 127 is divided by 107.
20
Calculate the remainder when 889 is divided by 44.
9
What is the remainder when 93 is divided by 50?
43
What is the remainder when 76 is divided by 21?
13
What is the remainder when 3539 is divided by 222?
209
What is the remainder when 2322 is divided by 63?
54
What is the remainder when 2537 is divided by 5?
2
What is the remainder when 1677 is divided by 279?
3
What is the remainder when 264 is divided by 47?
29
Calculate the remainder when 469 is divided by 156.
1
Calculate the remainder when 209 is divided by 44.
33
What is the remainder when 894 is divided by 13?
10
Calculate the remainder when 2447 is divided by 24.
23
Calculate the remainder when 155 is divided by 135.
20
Calculate the remainder when 989 is divided by 8.
5
Calculate the remainder when 2006 is divided by 1001.
4
Calculate the remainder when 185 is divided by 47.
44
Calculate the remainder when 2912 is divided by 20.
12
What is the remainder when 619 is divided by 23?
21
Calculate the remainder when 3502 is divided by 24.
22
What is the remainder when 521 is divided by 21?
17
Calculate the remainder when 61 is divided by 10.
1
Calculate the remainder when 267 is divided by 137.
130
What is the remainder when 88 is divided by 62?
26
What is the remainder when 6695 is divided by 36?
35
What is the remainder when 198 is divided by 124?
74
What is the remainder when 1165 is divided by 53?
52
Calculate the remainder when 90 is divided by 14.
6
What is the remainder when 1365 is divided by 4?
1
What is the remainder when 2699 is divided by 14?
11
Calculate the remainder when 907 is divided by 14.
11
Calculate the remainder when 134 is divided by 22.
2
What is the remainder when 2574 is divided by 856?
6
Calculate the remainder when 271 is divided by 17.
16
Calculate the remainder when 90 is divided by 54.
36
What is the remainder when 515 is divided by 212?
91
What is the remainder when 563 is divided by 141?
140
What is the remainder when 725 is divided by 185?
170
What is the remainder when 1098 is divided by 69?
63
Calculate the remainder when 6959 is divided by 211.
207
Calculate the remainder when 390 is divided by 40.
30
Calculate the remainder when 158 is divided by 87.
71
What is the remainder when 772 is divided by 765?
7
What is the remainder when 637 is divided by 41?
22
What is the remainder when 7444 is divided by 70?
24
What is the remainder when 576 is divided by 33?
15
What is the remainder when 7843 is divided by 19?
15
What is the remainder when 340 is divided by 333?
7
Calculate the remainder when 934 is divided by 116.
6
What is the remainder when 2287 is divided by 22?
21
Calculate the remainder when 771 is divided by 23.
12
What is the remainder when 935 is divided by 158?
145
What is the remainder when 1356 is divided by 8?
4
What is the remainder when 4429 is divided by 16?
13
Calculate the remainder when 15 is divided by 2.
1
What is the remainder when 149 is divided by 98?
51
What is the remainder when 284 is divided by 46?
8
Calculate the remainder when 460 is divided by 150.
10
What is the remainder when 1351 is divided by 135?
1
Calculate the remainder when 751 is divided by 268.
215
Calculate the remainder when 1049 is divided by 132.
125
Calculate the remainder when 1153 is divided by 21.
19
Calculate the rema